{"id":5,"date":"2009-03-19T20:52:27","date_gmt":"2009-03-19T19:52:27","guid":{"rendered":"https:\/\/www.avatter.de\/wordpress\/?page_id=5"},"modified":"2023-10-04T08:48:41","modified_gmt":"2023-10-04T06:48:41","slug":"uber-andre","status":"publish","type":"page","link":"https:\/\/www.avatter.de\/wordpress\/uber-andre\/","title":{"rendered":"\u00dcber &#038; Kontakt"},"content":{"rendered":"<p><center><img decoding=\"async\" src=\"https:\/\/www.avatter.de\/wordpress\/wp-content\/uploads\/2019\/03\/avatter.png\" alt=\"\" width=\"150px\" \/><\/center><\/p>\n<p style=\"text-align: center;\">&#9875; Moin.<\/p>\n<p><strong>Wer bin ich und was mache ich:<\/strong> Very Early Adopter, Gr\u00fcnder, Head of Social Media bei ZBW \u2013 Leibniz-Informationszentrum Wirtschaft, Open Science Aficionado, Tech-Enthusiast, CRM-Mann, Newsletter-Editor (30+ Subscribers), Growth Hacker, Blogger, Antifaschist, Ex-Redaktionsleiter Basic Thinking, Ex Head of Digital H&#038;H.<\/p>\n<p>Ich bin per <a href=\"mailto:mail@avatter.de\" target=\"_blank\" rel=\"noreferrer noopener\" aria-label=\"E-Mail (\u00f6ffnet in neuem Tab)\">E-Mail<\/a> erreichbar, aber auch auf <a href=\"https:\/\/twitter.com\/avatter\" target=\"_blank\" rel=\"noreferrer noopener\" aria-label=\"Twitter (\u00f6ffnet in neuem Tab)\">Twitter<\/a>, <a href=\"https:\/\/www.facebook.com\/avatter\" target=\"_blank\" rel=\"noreferrer noopener\" aria-label=\"Facebook (\u00f6ffnet in neuem Tab)\">Facebook<\/a>, <a href=\"https:\/\/www.instagram.com\/avatter\/\" target=\"_blank\" rel=\"noreferrer noopener\" aria-label=\"Instagram (\u00f6ffnet in neuem Tab)\">Instagram<\/a>, <a href=\"https:\/\/www.linkedin.com\/in\/avatter\/\" target=\"_blank\" rel=\"noreferrer noopener\" aria-label=\"LinkedIn (\u00f6ffnet in neuem Tab)\">LinkedIn<\/a> und <a href=\"https:\/\/www.xing.com\/profile\/Andre_Vatter\" target=\"_blank\" rel=\"noreferrer noopener\" aria-label=\"Xing (\u00f6ffnet in neuem Tab)\">Xing<\/a> zu finden.<\/p>\n<p>&nbsp;<\/p>\n<p class=\"has-text-color has-cyan-bluish-gray-color\"><em><span style=\"color: #808080;\"><strong>Presse &amp; Blogger-Relations<\/strong><\/span><\/em><br \/>\n<em><span style=\"color: #808080;\">Sofern Sie der Meinung sind, dass \u2013 nach guter \u00dcberlegung und Abw\u00e4gung \u2013 Ihre Inhalte f\u00fcr mich interessant sein k\u00f6nnten, d\u00fcrfen Sie mich gerne in Ihren Verteiler aufnehmen. Benutzen Sie dazu bitte die folgende E-Mail-Adresse: <a style=\"color: #808080;\" href=\"mailto:presse@avatter.de\">presse@avatter.de<\/a><\/span><\/em><\/p>\n","protected":false},"excerpt":{"rendered":"<p>&#9875; Moin. Wer bin ich und was mache ich: Very Early Adopter, Gr\u00fcnder, Head of Social Media bei ZBW \u2013 Leibniz-Informationszentrum Wirtschaft, Open Science Aficionado,&hellip;<\/p>\n","protected":false},"author":2,"featured_media":7426,"parent":0,"menu_order":0,"comment_status":"closed","ping_status":"closed","template":"","meta":{"footnotes":""},"jetpack_sharing_enabled":true,"_links":{"self":[{"href":"https:\/\/www.avatter.de\/wordpress\/wp-json\/wp\/v2\/pages\/5"}],"collection":[{"href":"https:\/\/www.avatter.de\/wordpress\/wp-json\/wp\/v2\/pages"}],"about":[{"href":"https:\/\/www.avatter.de\/wordpress\/wp-json\/wp\/v2\/types\/page"}],"author":[{"embeddable":true,"href":"https:\/\/www.avatter.de\/wordpress\/wp-json\/wp\/v2\/users\/2"}],"replies":[{"embeddable":true,"href":"https:\/\/www.avatter.de\/wordpress\/wp-json\/wp\/v2\/comments?post=5"}],"version-history":[{"count":47,"href":"https:\/\/www.avatter.de\/wordpress\/wp-json\/wp\/v2\/pages\/5\/revisions"}],"predecessor-version":[{"id":8131,"href":"https:\/\/www.avatter.de\/wordpress\/wp-json\/wp\/v2\/pages\/5\/revisions\/8131"}],"wp:featuredmedia":[{"embeddable":true,"href":"https:\/\/www.avatter.de\/wordpress\/wp-json\/wp\/v2\/media\/7426"}],"wp:attachment":[{"href":"https:\/\/www.avatter.de\/wordpress\/wp-json\/wp\/v2\/media?parent=5"}],"curies":[{"name":"wp","href":"https:\/\/api.w.org\/{rel}","templated":true}]}}

Über &#038; Kontakt

<p><center><img decoding="async" src="https://www.avatter.de/wordpress/wp-content/uploads/2019/03/avatter.png" alt="" width="150px" /></center></p>
<p style="text-align: center;">&#9875; Moin.</p>
<p><strong>Wer bin ich und was mache ich:</strong> Very Early Adopter, Gründer, Head of Social Media bei ZBW – Leibniz-Informationszentrum Wirtschaft, Open Science Aficionado, Tech-Enthusiast, CRM-Mann, Newsletter-Editor (30+ Subscribers), Growth Hacker, Blogger, Antifaschist, Ex-Redaktionsleiter Basic Thinking, Ex Head of Digital H&#038;H.</p>
<p>Ich bin per <a href="mailto:mail@avatter.de" target="_blank" rel="noreferrer noopener" aria-label="E-Mail (öffnet in neuem Tab)">E-Mail</a> erreichbar, aber auch auf <a href="https://twitter.com/avatter" target="_blank" rel="noreferrer noopener" aria-label="Twitter (öffnet in neuem Tab)">Twitter</a>, <a href="https://www.facebook.com/avatter" target="_blank" rel="noreferrer noopener" aria-label="Facebook (öffnet in neuem Tab)">Facebook</a>, <a href="https://www.instagram.com/avatter/" target="_blank" rel="noreferrer noopener" aria-label="Instagram (öffnet in neuem Tab)">Instagram</a>, <a href="https://www.linkedin.com/in/avatter/" target="_blank" rel="noreferrer noopener" aria-label="LinkedIn (öffnet in neuem Tab)">LinkedIn</a> und <a href="https://www.xing.com/profile/Andre_Vatter" target="_blank" rel="noreferrer noopener" aria-label="Xing (öffnet in neuem Tab)">Xing</a> zu finden.</p>
<p>&nbsp;</p>
<p class="has-text-color has-cyan-bluish-gray-color"><em><span style="color: #808080;"><strong>Presse &amp; Blogger-Relations</strong></span></em><br />
<em><span style="color: #808080;">Sofern Sie der Meinung sind, dass – nach guter Überlegung und Abwägung – Ihre Inhalte für mich interessant sein könnten, dürfen Sie mich gerne in Ihren Verteiler aufnehmen. Benutzen Sie dazu bitte die folgende E-Mail-Adresse: <a style="color: #808080;" href="mailto:presse@avatter.de">presse@avatter.de</a></span></em></p>

<p>&#9875; Moin. Wer bin ich und was mache ich: Very Early Adopter, Gründer, Head of Social Media bei ZBW – Leibniz-Informationszentrum Wirtschaft, Open Science Aficionado,&hellip;</p>
